 -l + 1. Let o(v) = 4*v**2 + v + 8. Let a(h) = -k(h) + o(h). What is the units digit of a(-4)?
3
Suppose 4*t + 3*z = -0*t + 1651, -4*t + 1653 = 5*z. Suppose -4*x + 0*x = -t. What is the units digit of x?
3
Suppose 3724 = 9*c - 1289. What is the hundreds digit of c?
5
Suppose -a = 0, 0 = -5*j + 2*a - 0*a + 10. Suppose w = -o + 64, 0 = j*o + 4*w - 10 - 126. Let n = o - 31. What is the units digit of n?
9
Let b = 18 - 23. What is the units digit of 9/(180/(-56))*b?
4
Let r be (-12)/(-3) - (-3 - 80). Suppose 4*k - 13 = r. What is the units digit of k?
5
Suppose 8*v = 3*v + 30. Let q(b) be the third derivative of b**6/120 - b**5/10 + 5*b**4/24 - 3*b**3/2 - 11*b**2. What is the tens digit of q(v)?
2
Let r(j) = -3*j. Let k(y) = 7*y + 1. Let h(n) = -6*k(n) - 11*r(n). What is the tens digit of h(-2)?
1
Suppose 3*v - 4*z + 9*z - 141 = 0, -4*z = -4*v + 220. Let q = v + 3. What is the tens digit of q?
5
Let v(k) = -k**3 - 24*k**2 - 2*k + 26. What is the units digit of v(-24)?
4
Suppose -5 = -i - 2. Suppose -i*c - 4*d = -0*c + 167, -2*c - d = 113. What is the units digit of (3/(-9))/(1/c)?
9
Suppose 190 = 3*i + 178, 4*u - 3*i - 2960 = 0. What is the units digit of u?
3
Suppose 0 = -3*q - 4*o - 58, 0*o - 34 = 2*q - 2*o. Let w = -233 + 272. Let c = w + q. What is the tens digit of c?
2
Let x = 1173 - 270. What is the units digit of x?
3
Suppose 63*h - 54*h - 13518 = 0. What is the units digit of h?
2
Let y = -6 - -3. Let r be (-3)/(18/8)*y. Suppose r*m + 0*m = 60. What is the units digit of m?
5
Suppose 30*d - 34*d + 876 = 0. What is the units digit of d?
9
Suppose 2*t = -5*b + 3*b + 900, -4*t - 918 = -2*b. What is the tens digit of b?
5
Let s be 3/(-5) - (13/(-5) - -5). Let i = 175 + s. What is the tens digit of i?
7
Let p(m) = 5*m**2 + 32*m - 25. What is the thousands digit of p(-21)?
1
Suppose -5*v + 420 = 4*y, -5*v + 6*v = 4*y - 420. Suppose y = 3*l - 27. What is the tens digit of l?
4
Let y be ((-12)/8 - -2)*24. Suppose 5*u - 8*u + y = 0. Suppose u*h - r = -5*r + 100, 0 = h - r - 23. What is the units digit of h?
4
Suppose -6*j = 2*j + 32. What is the tens digit of (-12)/(-16) - 205/j?
5
Suppose -3*d - 4*j = 0, 3*d + 6*j = 8*j + 18. What is the units digit of -1 + 281/2 - 2/d?
9
Suppose -5*a + 16 = 2*o, 5*o - 10 - 9 = -2*a. Let z be ((-2)/3)/((-2)/24). Suppose 0 = 2*m + o*d + z - 96, 2*m - 92 = -5*d. What is the tens digit of m?
4
Suppose 295 + 14569 = 8*n. What is the tens digit of n?
5
Let l(a) = -a. Let v be l(-3). Suppose 2*f - v*u - 64 = 0, 0 = -f - 0*f - 4*u + 43. What is the tens digit of f?
3
Let i = 3541 + -1617. What is the thousands digit of i?
1
What is the hundreds digit of ((-1301)/4)/(39/(-156))?
3
What is the units digit of (-303 - -1)*(4 - (-33)/(-6))?
3
Suppose -2*u = -4, -5*s = -0*s - 3*u - 14. Suppose 3*v = -2*v + s*b + 102, 0 = 5*v + 2*b - 114. What is the units digit of v?
2
Let f(h) be the third derivative of -21*h**4/8 + h**3 + 9*h**2. What is the hundreds digit of f(-2)?
1
Let f(h) = -2*h**3 - 12*h**2 + 8*h + 93. What is the hundreds digit of f(-11)?
2
Suppose -3*i - 946 = -5*l, 5*l - 4*i - 958 = -5*i. What is the units digit of l?
1
Suppose 5*r + 6 = 3*q - 2, -4 = -r - 5*q. What is the units digit of (-18 + 2)/(r/9)?
4
Suppose o + 2*i = -10, 2*o - 5 = -5*i + 6*i. Let u = -8 - o. Let y = 13 + u. What is the units digit of y?
5
Let v(l) = -l**3 + 3*l**2 + 4*l + 2. Suppose 8*j - 16 = 4*j. Let u be v(j). What is the units digit of 1/u*(9 - 1)?
4
Let n(s) = -35*s + 61. What is the units digit of n(-19)?
6
What is the hundreds digit of 620 - (60/(-105))/(2/21)?
6
Let r(h) = -h**3 - 4*h**2 + 14*h. Let m = -102 + 95. What is the tens digit of r(m)?
4
Let k(r) = -3*r - 13 + 0*r - 3*r. What is the units digit of k(-3)?
5
Let t be (-1)/((-14)/(-4263)*14/(-24)). Suppose 0 = 6*d - 0*d - t. What is the units digit of d?
7
Suppose 0 = 2*p - 3*p + 36. Let h be (9/(-15))/(17/(-85)). Suppose -6*k + 3*f + 52 = -k, -h*k + 3*f = -p. What is the units digit of k?
8
Suppose 0 = -b + 45 - 37. Let k(u) = u**3 - 7*u**2 + 10. What is the units digit of k(b)?
4
Suppose 0 = -5*o - 10 - 10, 4*p + 4 = -o. Let m = p - -7. What is the units digit of m?
7
Suppose -2*i - 20 - 66 = w, -i = -3*w + 57. Let q = -11 - i. Suppose -4*s + 38 = -q. What is the tens digit of s?
1
Let v(c) = 6*c + 107. What is the tens digit of v(9)?
6
Let r(l) = -3*l - 6. Let h be r(0). What is the units digit of -4 + h/(-1) + 79?
1
Suppose 8*w - 4250 = 2142. What is the units digit of w?
9
Suppose -20 = -19*d + 14*d. Suppose -d*j = 3*j - 1561. What is the units digit of j?
3
Let r be 5/(20/36) + -1. Suppose -5*o - r = -n, -o = 3*n + 4*o - 4. Suppose n*c + 2*b - 26 = 0, 5*c + 2*b - 43 - 3 = 0. What is the units digit of c?
0
Let l(n) = -n**2 - 10*n. Let q be l(-12). What is the units digit of (160/q)/(4/18*-1)?
0
Let b(a) = -a**2 + 12*a + 15. Let z be b(13). Suppose z*l - 2*y - 248 = 0, l + 248 = 3*l - 4*y. What is the tens digit of (3 - l/16)*-4?
1
Let j be 4*((-540)/(-16))/3. Let u be j/60 - 106/(-8). Suppose 5*b - u = -2*p + 32, b - 2 = -4*p. What is the tens digit of b?
1
Suppose -11 + 5 = -2*z. Suppose -4*m - 47 = -2*x - x, -z*x + 22 = m. What is the units digit of x?
9
Let l(h) = -h**2 + 52*h - 149. What is the hundreds digit of l(22)?
5
Let l = 1604 + -491. What is the units digit of l?
3
Let p be 11*6/(-10)*10. Let a be (-3)/9 + 1 + (-1056)/(-9). Let v = p + a. What is the units digit of v?
2
Let c = 445 + -35. What is the hundreds digit of c?
4
Let c(q) = -2*q. Let w be c(-14). Let n = w - 18. What is the units digit of n?
0
Let o be 7/(315/10) - (-6739)/9. Suppose 0 = 3*r - 3*a - 689 + 128, 5*a = 4*r - o. What is the tens digit of r?
8
Let l(m) = -m**3 - 9*m**2 + 9*m + 8. Let v be l(-10). Suppose 0 = -6*i - v + 156. What is the units digit of i?
3
Suppose 0*n - 2400 = 6*n. What is the units digit of (-26)/117 - n/18?
2
Suppose 2*o + 2808 = 8*o. What is the units digit of o?
8
Suppose 0*w + 2*j - 73 = -5*w, -5*w + 70 = 5*j. Let m = 42 - w. What is the units digit of m?
7
Let q(b) = -b**3 - 10*b**2 - 7*b + 8. Let z be q(-9). Let y = z - -6. Let a = y + 16. What is the tens digit of a?
1
Let s(y) = -17*y - 14 + 8 - 13. What is the units digit of s(-7)?
0
Suppose -3*s + 5 - 27 = -4*h, 0 = 3*h + 4*s - 4. Suppose -5*x + h*k + 60 = -244, -3*k = -12. What is the tens digit of x?
6
Let d = -101 - -100. What is the hundreds digit of d - -5 - 545/(-5)?
1
Suppose 5*a = -4*c + 6*c - 90, -2*c + a = -74. Suppose 2*z + 3*z - c = 0. What is the units digit of z?
7
Let q = 2691 + 16. What is the units digit of q?
7
Let u = 862 - 715. What is the tens digit of u?
4
Let u(a) = 4*a**3 + 5*a + 43. What is the units digit of u(7)?
0
Suppose 0 = -5*g - 4*a + 5789, -4*g = -5*a - 6098 + 1434. What is the hundreds digit of g?
1
Suppose -7*k - 1 = 34. What is the units digit of (-380)/k + 0 + 4?
0
Suppose 2*q - 8 = 0, 6*u - 4*u - 2*q - 366 = 0. What is the tens digit of u?
8
What is the units digit of (34/(-10))/((-10)/250)?
5
Suppose 12*i - 162 = 9*i. Let k = 1 - -1. Suppose k*h - i + 0 = 0. What is the tens digit of h?
2
Suppose -4*o + 9 = 1. Suppose -o*z + 164 = -5*t, z + 2*t = -0*z + 73. What is the units digit of 1323/z + 4/(-22)?
7
Let c be (-3 + 16)*2/2. Suppose -y + c = -8. What is the units digit of y?
1
Let y = -6 - -8. Let c = y + 6. What is the units digit of c?
8
Let o(a) = -15*a - 39. Suppose -5*q = 2*q + 42. What is the units digit of o(q)?
1
Let x be (-984)/10*(-10)/2. Suppose 192 - x = -2*f. What is the tens digit of f?
5
Let z(q) = -2*q - 1. Let g be z(-4). Suppose -2*b + g = 3. Suppose -l = -2*n + 6*n - 4, 3*n = b*l - 8. What is the units digit of l?
4
Suppose 23 - 19 = p. Suppose -3*y = -p*y + 129. What is the units digit of y?
9
Suppose -3*m = 2*k - 231, m - 5*m + 103 = k. Let v be 0*(-2 - -3)/(-1). Suppose -5*d + 4*y + k = v, 0*d + 2*d + y - 44 = 0. What is the tens digit of d?
2
Let k = 3 - -9. Suppose 3*x = 9*x - k. Suppose 4*r = 4*l + 312, 0 = -x*r - r - 4*l + 206. What is the units digit of r?
4
What is the units digit of 750/(-100)*(1 + -141)?
0
What is the hundreds digit of (-3)/(18/(-2568)) - -6?
4
Let i = -2 + 6. Let j(b) = -i*b + 5*b - 20*b. What is the tens digit of j(-1)?
1
Let o(y) = -11*y**2 + 1. Let x be o(-1). What is the units digit of (-12)/x*665/14?
7
Let n = -1